nder when o is divided by n.
26
Calculate the remainder when 896/3*9336/2723 is divided by 334.
22
Suppose 4*b = 5*y - 52, -4*y - 3*b - 2*b + 58 = 0. Let c = y + 0. Let o = 70 - 12. Calculate the remainder when o is divided by c.
10
Suppose 4*c - c + 3943 = 5*s, 5*c = -4*s + 3147. What is the remainder when s is divided by 114?
104
Let p(m) = 11*m - 54. Let b = -145 - -235. Let w = b + 10. What is the remainder when w is divided by p(8)?
32
Suppose 5247 = -28*p - 3*p + 64*p. What is the remainder when p is divided by 55?
49
Suppose -m - 4*m = -3*l - 33275, -4*m - 5*l + 26657 = 0. Calculate the remainder when m is divided by 31.
24
Suppose 5*c - 21 = 19. What is the remainder when (20/c)/(8/80) is divided by 6?
1
Let b(d) = -d**2 + 16*d + 16. Let i(s) = s**2 - 5*s - 12. Let n be i(-3). Calculate the remainder when b(n) is divided by (1 - 0)*18 + 0.
10
Suppose -1344*g + 1361*g - 391 = 0. Calculate the remainder when 1511 is divided by g.
16
What is the remainder when 4470 is divided by 2/(-11) + 1425/275 - -8?
11
Suppose -51 = 9*h - 222. Suppose 5*o - 2*o = 2*z, 5*o = 3*z + 2. Suppose 12*n - 66 = z*n. Calculate the remainder when h is divided by n.
8
Let u(a) = -78*a + 51*a - 67 + 37*a. What is the remainder when u(14) is divided by 27?
19
Suppose -3*f = 19*d - 15*d - 69, 306 = 21*d - 3*f. What is the remainder when 16903 is divided by d?
13
Suppose -3*u - 178 + 1042 + 1956 = 0. What is the remainder when u is divided by 17?
5
Suppose -3*m = -2*w - 342, 3*m - 149 = 3*w + 196. Suppose -m = -5*c + c. What is the remainder when (324/(-30))/((2/2)/(1005/(-134))) is divided by c?
25
Suppose 497 = 19*r - 12*r. Suppose -5*o + 5*q = 4*q - 209, 4*o - 5*q = 184. What is the remainder when r is divided by o?
30
Let r = -370 - -580. Let w = 639 - r. Let c = w - 295. Calculate the remainder when c is divided by 15.
14
Let l = -71 - -71. Suppose c - 2*q = -5, -c + 11*q - 13*q + 15 = l. What is the remainder when 8 is divided by c?
3
Let m = 4555 - 4548. What is the remainder when 35 is divided by m?
0
Let v(t) = 3*t - 49 - 37 + 107. Suppose 2*p + 2*z = 72, -4*p + 3*z = -2*z - 126. What is the remainder when v(15) is divided by p?
32
Let o(c) = -c**3 - 7*c**2 + 16*c + 1. Let x be o(-9). Suppose 0 = 2*i - b - x, 0*i - 4*i - 4*b = -32. Calculate the remainder when 105 is divided by i.
6
Let w = 27320 - 27225. Calculate the remainder when 338 is divided by w.
53
Suppose -7*a = -5*a + 4. What is the remainder when (-1005)/(-60) - a/8 is divided by 22/6 - ((-2)/6 + 0)?
1
Suppose 11*j + 8*j + 49*j = 186252. What is the remainder when j is divided by 913?
0
Let v = 67 + -1. Suppose 2*d + v = 4*d. Calculate the remainder when 62 is divided by d.
29
Suppose -5*t = -7*t + 198. What is the remainder when 160 is divided by ((-18)/(-21))/(-2 + t/49)?
34
Suppose -75 = -4*m - 7. Let d(a) = -3*a - 2. Let l be d(-2). Suppose 0 = -3*z + l*z - 29. Calculate the remainder when z is divided by m.
12
Suppose 3*q + 2*b = 21, -b - 10 + 8 = -q. Suppose -q*j + 37 = -v, 2*j - 4*v - 4 = -0*v. Let y = 4 - 2. What is the remainder when j is divided by y?
0
Suppose 5*w - 57 + 12 = 0. Suppose 3*y - 1370*g + 1372*g - 29 = 0, 0 = 4*y - 3*g + 1. Calculate the remainder when w is divided by y.
4
Let f(u) = -25*u**2 + 46*u + 33*u**2 - 13 - 77*u + 40*u. Let q(n) = -2*n**3 + n**2 + 2*n + 1. Let c be q(-1). What is the remainder when 106 is divided by f(c)?
32
Let r(t) = 3*t - 23. Let c be r(10). Suppose 1 = 4*s - 3*p, 3*s + p + p = 22. Suppose s*f + 21 = c*f. Calculate the remainder when 26 is divided by f.
5
Suppose 4*p - 122 = 293*b - 294*b, 66 = 2*p + 3*b. Calculate the remainder when 44 is divided by p.
14
Let z(j) be the third derivative of -j**4/24 + 2*j**3 - 15*j**2. Let r be z(10). What is the remainder when (1/2*r)/((-8)/(-984)) is divided by 25?
23
Let f(r) = -4*r**3 + 42*r**2 + 103*r - 13. Calculate the remainder when 897 is divided by f(-3).
77
Let q = 33 + -6. Calculate the remainder when (29/2 - -2 - (-12)/12)*2 is divided by q.
8
Suppose 35*z - 27540 = -14*z - 11*z. What is the remainder when z is divided by 3?
0
Calculate the remainder when 997 is divided by (-5)/((-15)/(-33)) - (-332 - -22).
100
Let v be (2/4 + 0)*0. Suppose v*a + 2*a - 406 = -4*w, 0 = w - 5*a - 107. Calculate the remainder when w is divided by ((-3)/5)/((-4)/(-1560)*-9).
24
Suppose -4*u + i = -247, 0 = -2*u - i + 40 + 73. Suppose 0 = -4*t - 4, -2*n - t = -2*t - 313. Let o = n - u. Calculate the remainder when o is divided by 50.
46
Let i = -4407 + 4446. Calculate the remainder when 347 is divided by i.
35
Let a(h) = 68*h + 55. Let v be a(-4). Let i = v - -504. What is the remainder when i is divided by 58?
55
Let t = 19 + 16. Let r(k) = k**2 - 7*k - 4. Let o be r(11). Let u = o - 36. What is the remainder when t is divided by u?
3
Calculate the remainder when 156 is divided by ((-208)/(-16) + 74)/((-1)/2*-2).
69
Suppose -4*c + 142 + 138 = 4*l, 2*c + 6 = 0. Let o = 88 - l. Let k = 11 - 7. Calculate the remainder when o is divided by k.
3
Let b(i) = -i**2 - 34*i - 64. Let j be b(-25). Let z(k) = 2*k**2 - 6*k + 1. Calculate the remainder when ((-598)/j)/(4/(-42)*3) is divided by z(4).
4
Let w(g) = 1770*g - 74335. Calculate the remainder when 157/(-2)*(-4)/2 is divided by w(42).
2
Let n(f) = 2*f - 6. Let b be n(4). Let u be 84/462 + (-128)/(-22). Suppose w - 84 = -3*a, -b*a + u = -0. What is the remainder when w is divided by 26?
23
Let b(q) = 2*q**2 + 18*q + 39. Suppose -v = 4*s - 99, 5*s - 4*v - 56 = 52. Suppose 3*f - s = 27. What is the remainder when b(-11) is divided by f?
15
Let x(w) = 4*w**2 + 5*w - 2. Let s be x(6). Let c(p) = -10*p**2 + 116*p - 1. Let b be c(12). Let l = b + s. Calculate the remainder when l is divided by 18.
15
Let a(r) = -247*r - 442. What is the remainder when 242 is divided by a(-2)?
34
Let z = 4 - -5. Suppose -289 + 1033 = 4*l - n, 0 = 5*n. What is the remainder when l is divided by z?
6
Suppose 0*j - 86 = -d - j, 5*d = 4*j + 439. What is the remainder when d is divided by 6/(2 + (-15)/9)?
15
Suppose -5*h + 4*b + 94 = 0, -4*h = -9*h + 2*b + 102. Calculate the remainder when 92 + (-8)/(48/90) is divided by h.
11
Suppose -7*v + 4*v - 414 = -2*p, 0 = -5*v + 20. Calculate the remainder when p is divided by (-123)/((-18)/6) + -5.
33
Suppose -4*b = 8*p - 268, -4*b = 21*p - 23*p - 278. Calculate the remainder when b is divided by 32.
5
Let a = -93 - -96. Suppose -10*g + 11*g = a. Suppose -g*y - 5*k = -104, 52 + 114 = 5*y + k. Calculate the remainder when y is divided by 12.
9
Suppose -13*i + 45202 - 13638 = 0. Calculate the remainder when i is divided by 221.
218
Suppose -14*t = -197 + 1205. Calculate the remainder when (10 - (-250)/(-10))*t/10 is divided by 22.
20
Let r(i) = -740*i + 7506. What is the remainder when 18125 is divided by r(10)?
105
Let x(s) = -3*s**2 + 38*s - 16. Let i(m) = 5*m**2 - 76*m + 34. Let f(k) = -6*i(k) - 13*x(k). Calculate the remainder when f(5) is divided by 4.
3
Let j = -96 + 99. Suppose j*a - 11*b = -7*b + 227, -2*b = -2. Calculate the remainder when a is divided by 21.
14
Let n = -56 - -105. Let f(w) = 12*w**2 + w**3 - 13*w - 2*w**2 + 4 - 1. What is the remainder when n is divided by f(-11)?
24
Suppose 0 + 18 = 9*h. Suppose h*u + 0*f = -5*f + 68, 0 = -4*u - 3*f + 122. Calculate the remainder when u is divided by 8 + (-1 - 0) - -2.
2
Suppose -15*x + 206 = 1031. Let c = x + 79. What is the remainder when c is divided by 4?
0
Suppose -y + 1 = 2*m, 0 = -3*m + 5*m. Suppose i - 9 = y. What is the remainder when 88 is divided by i?
8
Let o be (-120)/(-210) + 66/7. Suppose -o*y = 10*y - 26820. Calculate the remainder when y is divided by 79.
77
Suppose 0 = 62*d - 54*d - 56. Suppose -4*r + 0*r + 204 = 0. Suppose -2*j + r = -d. What is the remainder when 85 is divided by j?
27
Let m(t) = t**2 + 59*t + 214. Calculate the remainder when m(-65) is divided by 136.
60
Suppose 0 = -i + 4*i - 168. Suppose 0 = -29*m + 18*m. Suppose m = 18*w - 47 - 223. Calculate the remainder when i is divided by w.
11
Let c(r) = r - 1. Let b(n) = n**3 - 6*n**2 - 9*n + 30. Let l(y) = -b(y) - 3*c(y). Calculate the remainder when 62 is divided by l(6).
8
Let i = 48 - -29. Suppose 3*b - i = 85. Suppose -29*r + 2*p + 48 = -27*r, 0 = 3*r + 3*p - 48. What is the remainder when b is divided by r?
14
